2003
-1 (base 12) to base 13
-1
-8c (base 13) to base 2
-1110100
21 (base 13) to base 10
27
331 (base 7) to base 13
100
-45 (base 6) to base 13
-23
What is 1a1 (base 15) in base 6?
1424
6c (base 13) to base 7
156
Convert -1002 (base 3) to base 4.
-131
Convert 17 (base 10) to base 5.
32
What is 65 (base 11) in base 6?
155
3 (base 16) to base 12
3
Convert 0 (base 11) to base 14.
0
What is 0 (base 15) in base 3?
0
-3 (base 5) to base 13
-3
What is 2310 (base 5) in base 16?
14a
Convert 3 (base 5) to base 16.
3
What is 42 (base 13) in base 5?
204
Convert -22 (base 3) to base 6.
-12
-13 (base 9) to base 8
-14
What is -f (base 16) in base 8?
-17
-111001 (base 2) to base 16
-39
0 (base 15) to base 5
0
15 (base 15) to base 2
10100
What is 2 (base 6) in base 10?
2
221 (base 6) to base 4
1111
What is 3 (base 14) in base 8?
3
100 (base 3) to base 10
9
-4 (base 8) to base 13
-4
57 (base 10) to base 12
49
Convert -17 (base 13) to base 6.
-32
Convert 243 (base 5) to base 6.
201
-1 (base 8) to base 2
-1
-14 (base 12) to base 3
-121
What is -16 (base 11) in base 2?
-10001
Convert -3 (base 6) to base 8.
-3
Convert 9 (base 13) to base 5.
14
-10 (base 5) to base 12
-5
What is 3 (base 16) in base 8?
3
Convert -112 (base 3) to base 12.
-12
330 (base 5) to base 3
10100
-14 (base 11) to base 13
-12
12 (base 14) to base 11
15
What is -5d (base 14) in base 7?
-146
Convert 102 (base 15) to base 3.
22102
258 (base 9) to base 7
425
Convert 5a (base 12) to base 10.
70
Convert -1 (base 7) to base 10.
-1
-e (base 16) to base 2
-1110
Convert -130 (base 4) to base 2.
-11100
Convert -2 (base 10) to base 13.
-2
What is 2 (base 9) in base 3?
2
5 (base 12) to base 8
5
What is 8 (base 15) in base 13?
8
What is -50 (base 11) in base 16?
-37
What is 20 (base 3) in base 11?
6
What is 1 (base 2) in base 16?
1
-505 (base 7) to base 15
-11a
-3 (base 16) to base 2
-11
Convert 3 (base 16) to base 6.
3
What is ac (base 13) in base 2?
10001110
What is -30 (base 15) in base 11?
-41
Convert 305 (base 11) to base 12.
268
5 (base 10) to base 15
5
Convert 1 (base 9) to base 2.
1
Convert 13 (base 4) to base 13.
7
Convert -2 (base 11) to base 9.
-2
Convert -2 (base 5) to base 9.
-2
Convert 1000 (base 5) to base 12.
a5
Convert -1 (base 13) to base 8.
-1
What is 24 (base 15) in base 8?
42
Convert 12 (base 3) to base 15.
5
201 (base 4) to base 13
27
-43 (base 10) to base 2
-101011
What is 1d (base 15) in base 16?
1c
Convert 100 (base 2) to base 15.
4
234 (base 6) to base 15
64
-4b (base 14) to base 11
-61
3 (base 8) to base 6
3
16 (base 11) to base 12
15
What is -d1 (base 15) in base 5?
-1241
-1011100 (base 2) to base 7
-161
Convert 6 (base 13) to base 11.
6
What is 11 (base 3) in base 13?
4
-24 (base 9) to base 2
-10110
-131 (base 11) to base 10
-155
Convert 0 (base 13) to base 8.
0
What is -96 (base 13) in base 4?
-1323
What is -2 (base 4) in base 16?
-2
What is 1022 (base 3) in base 5?
120
Convert -6 (base 12) to base 16.
-6
-39 (base 13) to base 7
-66
13 (base 15) to base 11
17
Convert -4 (base 5) to base 9.
-4
54 (base 6) to base 16
22
Convert 142 (base 10) to base 14.
a2
What is 15 (base 12) in base 5?
32
Convert 1 (base 9) to base 16.
1
What is -4 (base 11) in base 12?
-4
What is -11 (base 5) in base 10?
-6
-3b (base 15) to base 4
-320
Convert 10 (base 7) to base 9.
7
What is -177 (base 8) in base 11?
-106
What is 100001 (base 2) in base 15?
23
What is 3 (base 15) in base 10?
3
What is 3 (base 5) in base 9?
3
Convert -4 (base 16) to base 7.
-4
2 (base 8) to base 13
2
What is -2b (base 16) in base 11?
-3a
-50 (base 13) to base 6
-145
What is -10 (base 13) in base 5?
-23
-3 (base 14) to base 15
-3
What is 1c (base 15) in base 11?
25
40 (base 12) to base 14
36
Convert -103 (base 5) to base 2.
-11100
-313 (base 4) to base 14
-3d
-14 (base 7) to base 8
-13
What is 13 (base 7) in base 4?
22
What is -102 (base 4) in base 10?
-18
Convert 1 (base 4) to base 11.
1
What is 12 (base 3) in base 4?
11
-11 (base 4) to base 6
-5
What is 4 (base 14) in base 13?
4
Convert -21 (base 7) to base 14.
-11
What is -13 (base 8) in base 16?
-b
What is -132 (base 7) in base 2?
-1001000
Convert 4 (base 6) to base 5.
4
What is -413 (base 6) in base 3?
-12200
Convert 20 (base 11) to base 10.
22
Convert 64 (base 10) to base 12.
54
Convert 5 (base 8) to base 16.
5
1 (base 10) to base 15
1
Convert -7 (base 14) to base 12.
-7
What is -5 (base 14) in base 9?
-5
Convert -3 (base 5) to base 2.
-11
What is -43 (base 8) in base 14?
-27
What is 121 (base 5) in base 2?
100100
What is -32 (base 11) in base 10?
-35
e (base 15) to base 14
10
12a (base 16) to base 9
361
1155 (base 6) to base 2
100011111
Convert -3 (base 13) to base 7.
-3
What is -267 (base 8) in base 7?
-351
What is 155 (base 16) in base 14?
1a5
What is 1 (base 8) in base 14?
1
What is -7 (base 8) in base 6?
-11
-1 (base 6) to base 14
-1
Convert -11 (base 2) to base 4.
-3
What is 4 (base 16) in base 7?
4
What is 3 (base 8) in base 16?
3
3 (base 11) to base 13
3
What is -21200 (base 3) in base 8?
-317
Convert -2 (base 10) to base 4.
-2
Convert 104 (base 10) to base 4.
1220
Convert 2 (base 12) to base 2.
10
Convert -ad (base 15) to base 3.
-20001
What is -11 (base 2) in base 12?
-3
Convert -11 (base 5) to base 4.
-12
What is 170 (base 15) in base 5?
2310
What is -30 (base 6) in base 3?
-200
Convert 1a8 (base 11) to base 3.
22212
Convert -14 (base 8) to base 4.
-30
What is -42 (base 6) in base 14?
-1c
What is 23 (base 10) in base 13?
1a
What is 221 (base 3) in base 8?
31
Convert -8 (base 16) to base 5.
-13
Convert -20 (base 4) to base 12.
-8
What is -10 (base 3) in base 2?
-11
What is 23 (base 15) in base 12?
29
What is 1 (base 8) in base 7?
1
Convert -10211 (base 3) to base 6.
-251
What is -2 (base 10) in base 11?
-2
Convert -5 (base 12) to base 2.
-101
8 (base 16) to base 15
8
Convert 1a (base 13) to base 3.
212
Convert c9 (base 14) to base 10.
177
-20 (base 9) to base 2
-10010
What is 3a (base 13) in base 5?
144
12 (base 6) to base 14
8
Convert 36 (base 11) to base 7.
54
What is -2 (base 3) in base 8?
-2
-1 (base 15) to base 3
-1
What is -221 (base 7) in base 13?
-89
2 (base 10) to base 11
2
What is -1020 (base 4) in base 10?
-72
What is -244 (base 8) in base 9?
-202
11 (base 5) to base 4
12
124 (base 6) to base 2
110100
What is 3 (base 5) in base 11?
3
What is 0 (base 4) in base 6?
0
Convert 2 (base 15) to base 4.
2
-4 (base 7) to base 16
-4
-11010 (base 2) to base 10
-26
Convert 34 (base 5) to base 16.
13
-12 (base 3) to base 12
-5
264 (base 9) to base 12
164
Convert -1 (base 9) to base 11.
-1
23 (base 15) to base 11
30
4 (base 8) to base 9
4
Convert 8 (base 14) to base 9.
8
Convert 1011 (base 2) to base 6.
15
What is 3 (base 16) in base 7?
3
What is 28 (base 11) in base 15?
20
300 (base 6) to base 9
130
What is -101 (base 2) in base 13?
-5
Convert 1043 (base 5) to base 11.
125
What is 11 (base 3) in base 13?
4
What is 14 (base 5) in base 11?
9
Convert -1 (base 6) to base 4.
-1
What is 2120 (base 4) in base 7?
305
1011101 (base 2) to base 12
79
What is 31 (base 12) in base 4?
211
Convert -11202 (base 3) to base 15.
-88
-1 (base 14) to base 8
-1
What is 58 (base 10) in base 12?
4a
What is -15 (base 12) in base 3?
-122
303 (base 6) to base 8
157
What is 35 (base 12) in base 15?
2b
What is -3 (base 15) in base 10?
-3
What is -4 (base 10) in base 6?
-4
What is 39 (base 10) in base 5?
124
What is 12 (base 4) in base 3?
20
55 (base 15) to base 10
80
Convert 21 (base 3) to base 13.
7
What is 72 (base 8) in base 13?
46
What is -8 (base 12) in base 14?
-8
Convert -5d (base 14) to base 8.
-123
What is -8 (base 9) in base 13?
-8
-25 (base 6) to base 8
-21
-11 (base 11) to base 8
-14
What is -17 (base 14) in base 9?
-23
-40 (base 11) to base 2
-101100
What is 0 (base 15) in base 13?
0
Convert 1011101 (base 2) to base 7.
162
What is -134 (base 5) in base 12?
-38
Convert -2 (base 12) to base 13.
-2
What is -c4 (base 13) in base 12?
-114
What is 6a (base 15) in base 6?
244
-140 (base 7) to base 3
-2212
Convert -35 (base 12) to base 2.
-101001
Convert 2 (base 7) to base 16.
2
6 (base 9) to base 6
10
13 (base 6) to base 5
14
What is 2 (base 7) in base 16?
2
What is 34 (base 9) in base 15?
21
1011 (base 2) to base 3
102
What is 18 (base 13) in base 7?
30
What is 2103 (base 4) in bas